14). Suppose -p + 3*i = -1876, i + i + t = 0. Is p a prime number?
True
Let b = 59720 + -3019. Is b a prime number?
True
Let n = 49361 - -861. Is n a prime number?
False
Let k be 6/48 - (-94526)/16. Suppose -12*c + k = -5*c. Suppose 0 = 5*u - 4*o - 1005 - 50, 0 = -4*u + 3*o + c. Is u composite?
False
Suppose -149*m + 74417811 = 150*m. Is m composite?
True
Let p(b) = 781*b**2 + 122*b + 43. Is p(-6) a prime number?
True
Let v(a) = 81968*a**2 - 917*a + 916. Is v(1) composite?
False
Suppose -609 = 7*c - 10*c. Let v = -76 + c. Suppose -1328 - v = -5*j + 2*i, 842 = 3*j + 5*i. Is j a prime number?
False
Let t(d) be the second derivative of -4*d**2 - 6*d + 0 + 7/6*d**3. Is t(25) composite?
False
Suppose -616718 = -4*d - 4*k + 3880826, -d = -k - 1124396. Is d a composite number?
True
Let y = 52945 + -107007. Is (-7 + y)/((-9)/3) prime?
False
Suppose -s = -4*g - 0*s + 17, -s = 4*g - 23. Suppose -15576 = -29*x + g*x. Is x a prime number?
False
Let y(q) be the second derivative of -q**5/20 - 23*q**4/12 - 4*q**3/3 - 12*q**2 + 23*q. Let f be y(-25). Suppose -29 = -5*p + f. Is p composite?
True
Let f = -2 + -10. Let a be ((-16)/f)/(4/18). Is (-4)/a - 1855/30*-14 prime?
False
Suppose -2*a + 1679578 = 4*y, y - a = 172197 + 247705. Is y a composite number?
True
Suppose 2*p - 2 = -y, 3*y - 3*p + 9 = 24. Suppose -6155 = -2*m + 3*v, y*m = -v + 6414 + 5903. Is m a composite number?
False
Suppose -12*u = -1215438 - 1393278. Is u a prime number?
False
Let g be (2 + (-10)/(-15))*(-81)/(-6). Suppose 13*o = 7*o + g. Let s(r) = 2*r**3 - 2*r**2 - 9*r + 1. Is s(o) prime?
True
Let w(b) = 5*b**2 + 33*b - 59. Suppose -126*x + 128*x + 48 = 0. Is w(x) composite?
False
Let a = 458707 - 220984. Is a composite?
True
Suppose -29*n + 16 = -25*n, 2*n + 69403 = 3*r. Is r prime?
False
Suppose -2*y - 2*z = 258, 0*z + 2*z = -2. Let p = -209 - y. Is 1 - -3 - p - 0 a composite number?
True
Let v be ((-6)/(-105)*7)/((-3)/(-75)). Suppose v*m - 38007 = 21223. Is m prime?
True
Suppose -3*a = 3*z - 36, 3*z - a = 37 - 1. Suppose -13*g + 7*g + z = 0. Suppose g*t - 410 = -3*r + r, 0 = -2*r + 4. Is t composite?
True
Let p(g) = 21985*g**2 + g + 4. Let i be p(-2). Let s(a) = 359*a**3 + a**2 - a + 1. Let l be s(1). Is 2/(-15) - (-4)/(l/i) composite?
False
Suppose -9*m + 10*m - 5*h = 705526, -3*m + 2116568 = -5*h. Is m a prime number?
True
Let l(m) = -1109*m + 12. Let q be l(-1). Suppose -q = -3*n + 3283. Let y = 2255 - n. Is y a composite number?
False
Let u be (-1 - -1 - -1)*(-32 - -37). Suppose -3 = -u*w + 17. Suppose -3*y - w*y + 11557 = 0. Is y a composite number?
True
Is 2/(-1)*60/(-40) + 43089 + 1 composite?
False
Is 347943/9 + (-5 + 9)/12*-4 prime?
False
Let t(o) be the third derivative of -73*o**4/8 + 16*o**3/3 - 62*o**2. Is t(-3) a prime number?
False
Suppose -5*h + 992532 + 57929 = 6*o, -4*h + o + 840392 = 0. Is h prime?
True
Let i be (-2297)/((7 - -2)/(-36)). Let p = i - -3933. Is p a composite number?
False
Is (23098/(-4))/((-116)/232) a prime number?
True
Suppose -144418 = -9*j - 19048. Suppose 11*n = -3249 + j. Is n a prime number?
True
Suppose 78231 = 1226*n - 1222*n + 5*k, -4*k = -n + 19563. Is n prime?
True
Suppose 3 + 1 = o. Let y = 166 - 286. Is -1*o - 24/(-8) - y a composite number?
True
Let q(t) be the first derivative of t**3/3 + 2*t + 3. Let m be q(0). Suppose j - m*j = -4*p + 426, 3*p - 3*j = 324. Is p composite?
True
Let d(c) = c**2 - 8*c - 8. Let t be (-250)/(-8) - ((-38)/8 - -5). Suppose k + 6*o - 5*o + 11 = 0, 0 = 5*k - o + t. Is d(k) a composite number?
False
Let q(m) = m**3 - 17*m**2 - 10*m + 9. Let a be (-1)/(-1)*(35 - 16). Is q(a) a composite number?
False
Suppose 0 = -4*u - 2*k + 632270, 23*k - 21 = 26*k. Is u a composite number?
False
Let t be 6/(-48) - 51/(-24). Suppose t*u - 645 = -y, -84 = 3*y - 3*u - 2001. Is y prime?
True
Let n be (-4)/14 + 8070/21. Let s = n + -137. Suppose 41*l - s = 40*l. Is l a composite number?
True
Let b = 188 - 172. Suppose 3157 = -5*z + b*z. Is z a prime number?
False
Let t = 53 - 55. Is -27 + 31 - 15594/t a prime number?
False
Let f be (-9)/(270/12)*(2 - 7). Suppose 0 = -2*a + 7*a + 10, f*a = -3*i + 8045. Is i prime?
True
Suppose 8*b - 25*b + 3689 = 0. Let h = b - -370. Is h composite?
False
Suppose -30 = -7*s + 5. Suppose 0 = s*t - t + 8. Is (t - -711)/(-1 - -2) prime?
True
Let r be (-20)/(-15) - 24738/18. Is ((2 - 7) + 0 + 4)*r composite?
False
Suppose 5*l - 434849 = m, l + 2*m - 50888 = 36073. Is l a composite number?
False
Suppose 214*y - 14463784 = 16209076 - 36406. Is y a composite number?
True
Suppose -13*n + 10*n + 30 = 0. Suppose n*q - 8045 = 5*q. Let o = q + 492. Is o a composite number?
True
Let z = -183 - -177. Let d(y) be the second derivative of -32*y**3/3 + 35*y**2/2 - 9*y. Is d(z) prime?
True
Let l(y) = -y**2 - 4*y - 2. Let s be l(-4). Let w be ((-1)/(-2))/((-375)/(-190) + s). Let p(r) = -r**2 - 23*r + 9. Is p(w) a prime number?
False
Let l(x) = -912*x + 1085. Is l(-46) composite?
False
Suppose 0 = -25*n + 20*n + 15. Suppose n*c - 27529 = -36*u + 31*u, 4*c - 11006 = -2*u. Is u prime?
True
Let m = -383 + 388. Suppose 3*w + 32922 = 5*j - 30977, 0 = -2*j + m*w + 25552. Is j a composite number?
False
Let d = 282086 + 96591. Is d a composite number?
True
Let k(u) = 23*u**3 - 8*u**2 - 20*u - 32. Is k(9) a composite number?
False
Suppose -27084 = -h - 2*m + 94937, h - m - 122006 = 0. Is h prime?
True
Let l(n) = -28*n - 23*n + n**3 + 47*n + 2 + 5*n**2. Let u(i) = i - 9. Let h be u(5). Is l(h) a composite number?
True
Suppose 19*z + 238252 - 1358872 = 271643. Is z a composite number?
False
Suppose -85410 = -14*l - 22228. Let u = -380 + l. Is u a prime number?
True
Let c = -338 + 623. Suppose -3*w = -c - 1602. Is w composite?
True
Suppose 82 = 2*r + 86. Is r/(-12) - (742544/(-96) + 14) a composite number?
True
Let d = 74872 - 44825. Is d prime?
True
Let c(s) = 16*s**3 + s - 15*s**3 - 9 - 18*s**2 - 7*s**2. Let g be c(25). Suppose 9*a - g*a = -3283. Is a a composite number?
True
Let l(g) = 170*g**2 - 78*g + 7. Let j be l(-11). Let q = -6314 + j. Is q a prime number?
True
Suppose -103 + 19 = -2*h. Let p = h - -160. Is p prime?
False
Suppose 0 = 2*m - 3*t - 4937, -3*t + 7373 = 3*m - t. Is m prime?
False
Let r be 0 + -3 + 13 + -1854. Let i = -1057 - r. Is i prime?
True
Suppose -130 + 1056 = r. Suppose 2619 - r = c. Is c prime?
True
Suppose -4*w = -5*y - 0*w + 45705, 18310 = 2*y + 4*w. Let n = y + -4106. Is n composite?
False
Let x = 189 - 179. Let f(v) = 3*v**3 + 4*v**2 + v - 21. Is f(x) composite?
False
Suppose 3*a - 14 = -2. Suppose -l = a*s + 3, -6 = l + l. Let p(n) = n**3 - n**2 - 2*n + 771. Is p(s) a composite number?
True
Suppose 441 = 8*o - 991. Suppose o*p - 186*p = -12747. Is p composite?
True
Let t(f) = -f**2 + 24*f - 26. Let a be t(9). Suppose 0 = -a*j + 113*j - 24116. Is j a composite number?
False
Let y(b) = 52*b**2 - b + 1. Let h be y(1). Let m be (-1)/(-2) - 3432/16. Is m*(-1726)/h - 18/117 composite?
False
Let d(m) = 32737*m + 1335. Is d(4) a prime number?
True
Let j(d) = 2831*d**2 + 771*d + 5405. Is j(-7) composite?
False
Let j be -1*1/3 - 2/(-6). Let x = -1 + j. Is 8 - 7 - 786/x prime?
True
Is (-368)/(-322) - (-1440990)/14 composite?
False
Let b = 258 - 271. Let a(t) = -254*t - 51. Is a(b) a prime number?
True
Suppose 0 = 3*g - 3, 0 = 3*k + 91*g - 90*g - 244618. Is k prime?
False
Suppose 15*n - 15348 = 6342. Is 16/(-6)*-1*n/8 a composite number?
True
Suppose -16989038 + 4967139 = -59*i. Is i composite?
False
Let a = -16338 + 53875. Is a a composite number?
False
Let s(w) be the first derivative of -43*w**3/2 + w**2/2 + 26*w + 29. Let h(j) be the first derivative of s(j). Is h(-2) prime?
False
Is (-8 + 378/49)*-1445507 - -9 a composite number?
True
Let a = 1824 - -1151. Let t = 1922 + a. Is t prime?
False
Suppose 4*n = 12, 5*l + 5*n + 13794 = 3*n. Let o = l - -5713. Is o a prime number?
True
Let r = 6767 + -3589. Suppose -2*x + 3*v = -3*x + r, 5*x - 15825 = -2*v. Is x a composite number?
False
Is 3/2*-8*(-415878)/72 composite?
False
Let c(w) = 19934*w**2 + 78*w + 21. Is c(5) prime?
True
Let m = 212228 - 83947. Is m composite?
True
Let k(g) = -571*g + 7. Let u(f) = -3*f**2 + 6*f + 11. Let a be u(6). Let p = a + 55. Is k(p) a prime number?
True
Let k(j) = j**3 + 6*j**2 + 10*j + 27. Let z be k(-5). Suppose 4*n - 14 = 